and 15.
3
What is the greatest common divisor of 16 and 26?
2
Calculate the greatest common divisor of 15 and 175.
5
What is the greatest common factor of 737 and 44?
11
Calculate the highest common factor of 333 and 185.
37
What is the highest common divisor of 576 and 64?
64
Calculate the highest common divisor of 378 and 14.
14
What is the highest common factor of 48 and 208?
16
Calculate the highest common divisor of 10 and 745.
5
Calculate the greatest common divisor of 38 and 13034.
38
What is the highest common divisor of 70 and 70?
70
Calculate the highest common factor of 1167 and 3.
3
What is the highest common factor of 11247 and 69?
69
What is the highest common divisor of 574 and 410?
82
Calculate the highest common divisor of 339 and 6893.
113
Calculate the greatest common divisor of 2496 and 12.
12
Calculate the highest common factor of 13207 and 281.
281
What is the greatest common divisor of 75 and 30?
15
Calculate the greatest common divisor of 1596 and 7296.
228
Calculate the highest common divisor of 65 and 35.
5
What is the greatest common factor of 288 and 1017?
9
Calculate the greatest common divisor of 6 and 58.
2
Calculate the greatest common divisor of 620 and 20.
20
What is the highest common divisor of 72 and 920?
8
What is the greatest common factor of 2926 and 1386?
154
Calculate the highest common divisor of 135 and 360.
45
What is the highest common divisor of 396 and 576?
36
Calculate the greatest common divisor of 261 and 58.
29
What is the highest common factor of 6 and 2031?
3
Calculate the highest common divisor of 5432 and 28.
28
What is the highest common divisor of 20 and 190?
10
What is the highest common factor of 4 and 58?
2
Calculate the highest common divisor of 17 and 25687.
17
Calculate the highest common factor of 214 and 3.
1
Calculate the highest common divisor of 450 and 162.
18
Calculate the greatest common factor of 153 and 11475.
153
What is the greatest common factor of 4 and 269?
1
What is the greatest common factor of 1903 and 143?
11
What is the greatest common divisor of 63 and 2583?
63
Calculate the greatest common factor of 351 and 81.
27
What is the greatest common divisor of 528 and 165?
33
Calculate the greatest common factor of 221 and 39.
13
Calculate the greatest common divisor of 11 and 704.
11
What is the highest common factor of 285 and 15?
15
What is the greatest common divisor of 1023 and 3162?
93
Calculate the highest common divisor of 1323 and 54.
27
Calculate the greatest common divisor of 105 and 70.
35
What is the highest common factor of 686 and 294?
98
Calculate the greatest common factor of 91 and 16.
1
Calculate the greatest common divisor of 57 and 2451.
57
Calculate the highest common factor of 3564 and 44.
44
What is the greatest common divisor of 159 and 18?
3
Calculate the highest common divisor of 1845 and 45.
45
What is the greatest common factor of 24 and 84?
12
Calculate the highest common factor of 8 and 266.
2
Calculate the greatest common divisor of 37025 and 25.
25
Calculate the greatest common factor of 18 and 15174.
18
What is the highest common factor of 16 and 48?
16
What is the greatest common divisor of 9 and 348?
3
Calculate the highest common factor of 202 and 4.
2
Calculate the greatest common factor of 18 and 32.
2
Calculate the greatest common divisor of 24 and 30.
6
What is the greatest common divisor of 670 and 201?
67
Calculate the greatest common divisor of 9 and 1359.
9
What is the highest common factor of 91 and 25753?
91
What is the greatest common factor of 48 and 32?
16
What is the greatest common divisor of 20 and 1750?
10
Calculate the greatest common divisor of 92 and 598.
46
Calculate the highest common divisor of 336 and 399.
21
Calculate the highest common factor of 250 and 65250.
250
Calculate the highest common factor of 3060 and 136.
68
Calculate the greatest common factor of 39 and 91.
13
Calculate the greatest common factor of 4356 and 36.
36
What is the highest common factor of 261 and 297?
9
Calculate the greatest common factor of 138 and 8786.
46
What is the highest common factor of 28 and 1036?
28
Calculate the highest common divisor of 266 and 456.
38
Calculate the greatest common divisor of 190 and 9595.
95
What is the highest common divisor of 462 and 264?
66
Calculate the highest common factor of 5157 and 9.
9
Calculate the greatest common factor of 210 and 3045.
105
What is the greatest common factor of 858 and 26?
26
What is the greatest common divisor of 22 and 4?
2
Calculate the greatest common divisor of 28 and 1694.
14
What is the highest common factor of 13 and 62?
1
Calculate the highest common factor of 272 and 8296.
136
What is the greatest common divisor of 22 and 20966?
22
What is the highest common factor of 1320 and 152?
8
What is the greatest common divisor of 45 and 765?
45
What is the greatest common divisor of 8296 and 136?
136
Calculate the greatest common divisor of 24 and 52.
4
What is the greatest common divisor of 320 and 256?
64
Calculate the highest common divisor of 8 and 8.
8
What is the greatest common factor of 1469 and 260?
13
What is the highest common divisor of 96 and 4160?
32
Calculate the greatest common factor of 510 and 60.
30
What is the highest common factor of 34 and 578?
34
Calculate the highest common divisor of 554 and 4.
2
Calculate the greatest common divisor of 56 and 1296.
8
What is the greatest common divisor of 247 and 13?
13
Calculate the highest common divisor of 9 and 207.
9
What is the greatest common divisor of 2728 and 308?
44
What is the greatest common divisor of 12 and 32?
4
What is the greatest common factor of 2073 and 2?
1
Calculate the greatest common factor of 4928 and 33.
11
Calculate the greatest common divisor of 92 and 322.
46
What is the highest common divisor of 3658 and 118?
118
What is the highest common factor of 65 and 18005?
65
Calculate the greatest common divisor of 1343 and 34.
17
What is the greatest common factor of 13215 and 15?
15
What is the greatest common divisor of 66 and 24244?
22
Calculate the greatest common divisor of 4536 and 84.
84
Calculate the highest common divisor of 1417 and 26.
13
Calculate the greatest common divisor of 169 and 26.
13
Calculate the greatest common factor of 885 and 531.
177
What is the highest common factor of 279 and 9?
9
Calculate the highest common factor of 58 and 62.
2
Calculate the highest common divisor of 630 and 140.
70
What is the greatest common divisor of 16 and 2?
2
Calculate the greatest common divisor of 3004 and 2.
2
What is the highest common factor of 12 and 36?
12
What is the greatest common divisor of 20640 and 576?
96
What is the greatest common divisor of 1 and 64?
1
What is the highest common factor of 254 and 6985?
127
Calculate the highest common factor of 220 and 35.
5
What is the greatest common factor of 121 and 5082?
121
What is the highest common factor of 261 and 58?
29
What is the greatest common factor of 60 and 220?
20
What is the highest common factor of 756 and 8208?
108
Calculate the highest common factor of 285 and 665.
95
Calculate the greatest common divisor of 133 and 589.
19
Calculate the greatest common factor of 9 and 585.
9
What is the greatest common divisor of 261 and 36?
9
What is the greatest common divisor of 36 and 48?
12
What is the greatest common divisor of 298 and 14602?
298
What is the highest common divisor of 66 and 110?
22
Calculate the highest common divisor of 1792 and 14.
14
What is the greatest common divisor of 57567 and 93?
93
Calculate the greatest common factor of 795 and 53.
53
What is the highest common factor of 63 and 49?
7
Calculate the greatest common factor of 12 and 66.
6
Calculate the greatest common factor of 40 and 17580.
20
What is the highest common factor of 7719 and 558?
93
Calculate the greatest common factor of 8 and 4748.
4
What is the highest common divisor of 5491 and 19?
19
What is the highest common divisor of 625 and 75?
25
Calculate the greatest common factor of 14 and 26614.
14
Calculate the highest common divisor of 60 and 30.
30
Calculate the highest common factor of 1184 and 352.
32
What is the highest common divisor of 696 and 24?
24
What is the greatest common factor of 574 and 3157?
287
What is the 